r) = 38*r**3 - 3*r**2 - 18*r - 18. Give x(-3).
-1017
Let s(k) = -51*k**2 - 691*k - 865. What is s(-12)?
83
Let s(y) = -2*y**2 + 5134*y - 81511. Calculate s(16).
121
Let v(w) = -2*w**2 - 4817*w + 135. Determine v(0).
135
Let p(o) = 2*o**2 + 278*o - 1043018. What is p(656)?
22
Let c(u) = -2582*u + 351160. Calculate c(136).
8
Let s(p) = p**3 - 76*p**2 + 172*p + 3458. Determine s(73).
27
Let z(j) = 3*j**2 + 37*j - 72857. What is z(150)?
193
Let h(o) = 4*o**2 - 1220*o + 62401. What is h(65)?
1
Let j(u) = 10*u**2 - 949*u - 1714. What is j(97)?
323
Let f(r) = r**3 + 52*r**2 + 5*r - 163. Calculate f(-53).
-3237
Let t(n) = -8*n**2 - 17218*n - 17216. Calculate t(-1).
-6
Let p(y) = 781*y - 2681. Determine p(5).
1224
Let b(i) = 48642*i**2 - 97283*i - 7. What is b(2)?
-5
Let m(k) = 2*k**3 + 60*k**2 - 17210*k - 946. What is m(79)?
2
Let t(x) = -2*x**2 + 169*x + 841. Calculate t(89).
40
Let g(c) = c**3 - 35*c**2 + 448*c - 12608. Give g(33).
-2
Let i(p) = 7*p**3 + 11*p**2 + 3*p + 2. Calculate i(-1).
3
Let p(b) = -138*b - 37918. What is p(-263)?
-1624
Let o(q) = -9*q**3 + 275*q**2 + 872*q + 47. Calculate o(-3).
149
Let s(v) = 8339*v - 124988. Determine s(15).
97
Let n(t) = 9296*t - 2351888. Give n(253).
0
Let s(h) = -1003*h + 498. Calculate s(-2).
2504
Let q(k) = -19*k**3 - 285*k**2 + 17*k + 56. Calculate q(-15).
-199
Let n(d) = -3*d**2 - 48*d + 1901. Determine n(-35).
-94
Let b(c) = 1505*c + 57154. Give b(-38).
-36
Let s(o) = -590*o + 27707. Determine s(47).
-23
Let y(o) = -39*o - 804. Give y(4).
-960
Let b(s) = s**2 + 785*s + 122827. Calculate b(-216).
-77
Let q(u) = 7*u**2 + 574*u - 2567. Calculate q(-85).
-782
Let u(n) = 429*n + 133426. Determine u(-311).
7
Let y(w) = -6316*w - 1673741. What is y(-265)?
-1
Let y(b) = 574*b**2 + 4435*b - 5. Determine y(-8).
1251
Let c(p) = 1517*p + 39430. What is c(-26)?
-12
Let v(t) = -8*t**3 + 20*t**2 + 50*t. Give v(4).
8
Let n(l) = -29023*l - 203102. Give n(-7).
59
Let i(c) = c**2 + 94871*c - 1043534. Determine i(11).
168
Let w(c) = 198167*c - 3170671. Calculate w(16).
1
Let s(v) = -12*v**2 - 483*v - 4255. Determine s(-13).
-4
Let j(y) = -y**3 - 141*y**2 - 4977*y - 534. Calculate j(-71).
-37
Let i(d) = d**2 + 42*d - 9765. Give i(81).
198
Let k(f) = 836*f - 2146. Calculate k(3).
362
Let y(u) = u**3 + 63*u**2 + 773*u - 162. Calculate y(-17).
-9
Let a(g) = 2*g**3 - 1483*g**2 - 652*g - 66874. Determine a(742).
-94
Let s(b) = 4*b**2 - 164*b - 178. Determine s(34).
-1130
Let j(x) = 3*x**2 - 449*x - 4363. Determine j(-9).
-79
Let s(o) = -184879*o - 185193. Calculate s(-1).
-314
Let j(l) = -l**2 + 653*l - 19332. Calculate j(31).
-50
Let i(p) = 87*p**2 + 709*p + 28. Calculate i(-8).
-76
Let n(k) = -6*k**2 - 2849*k - 51. What is n(-475)?
-526
Let h(c) = 43*c**3 + 162*c**2 - 32*c - 4. Give h(-4).
-36
Let t(x) = 1292*x - 32321. Calculate t(25).
-21
Let a(j) = j**2 - 146*j - 892. Determine a(-6).
20
Let k(c) = 8*c**3 + 46*c**2 + 208*c + 214. Calculate k(-3).
-212
Let v(u) = -29*u**2 - 33*u + 2. Calculate v(-5).
-558
Let i(k) = -k**2 - 145*k + 10996. What is i(-200)?
-4
Let r(i) = -1655*i + 13229. Calculate r(8).
-11
Let w(z) = 76*z**3 - 172*z**2 - 2764*z - 11. Determine w(-5).
9
Let g(i) = -1135*i**3 - 2*i**2 - 20*i - 19. Give g(-1).
1134
Let c(t) = 107*t + 3201. Give c(-17).
1382
Let m(c) = -30930*c - 92784. What is m(-3)?
6
Let v(t) = -7*t**3 + 303*t**2 - 1604*t + 239. Calculate v(6).
11
Let i(g) = 59953*g + 419674. Determine i(-7).
3
Let b(y) = 4*y**3 - 33*y**2 + 276*y - 1219. What is b(6)?
113
Let m(g) = 2*g**3 - 157*g**2 + 492*g - 167. Determine m(75).
-2642
Let j(s) = 13510*s - 229679. Give j(17).
-9
Let l(b) = 32*b**2 + 9776*b - 4908. Calculate l(-306).
-12
Let z(w) = -w**3 + 41*w**2 - 404*w + 881. Determine z(25).
781
Let j(z) = -6*z**2 - 175*z - 867. Give j(-21).
162
Let z(s) = 67*s**2 + 161806*s + 2405. Determine z(-2415).
-10
Let g(c) = -c**2 - 223*c - 6263. Give g(-34).
163
Let o(q) = -q**2 + 10052*q - 20097. What is o(2)?
3
Let c(f) = 8*f**3 - 6*f**2 + 5*f - 27. Calculate c(3).
150
Let x(f) = -8*f**2 - 371*f + 184. Calculate x(-52).
-2156
Let p(x) = -1099*x - 171369. Determine p(-156).
75
Let m(s) = -23*s**2 - 3998*s + 1606. Determine m(-174).
910
Let f(s) = 26*s**3 + 14*s**2 - 31*s - 103. Calculate f(-3).
-586
Let t(z) = -483*z + 4778. What is t(10)?
-52
Let v(k) = 1031*k**2 - 71*k - 15. Give v(-1).
1087
Let l(y) = y**3 + 202*y**2 - 697*y - 14926. Calculate l(-205).
1884
Let p(f) = -10*f**2 - 220*f + 1023. Determine p(-26).
-17
Let g(k) = -k**2 + 354*k - 20626. Give g(73).
-113
Let c(o) = -3*o**2 - 1362*o - 29122. What is c(-431)?
617
Let c(m) = -9*m**2 + 91*m - 936. Give c(13).
-1274
Let t(l) = -5*l**3 + 443*l**2 + 147*l + 1805. What is t(89)?
-954
Let k(i) = i**3 - 479*i**2 - 75504*i + 2454. Calculate k(604).
38
Let v(s) = -20*s**2 + 1926*s + 43016. Calculate v(115).
6
Let d(i) = 28*i**2 - 326*i - 83. What is d(11)?
-281
Let z(x) = -75559*x + 604504. What is z(8)?
32
Let c(q) = -1207*q - 19352. Give c(-16).
-40
Let n(j) = -464*j + 21480. Give n(47).
-328
Let c(j) = -13*j**2 - 45*j - 29. What is c(-5)?
-129
Let n(m) = -337*m + 142. Give n(-9).
3175
Let z(v) = -v**3 - 271*v**2 - 9979*v + 893. What is z(-227)?
-1150
Let p(a) = -a**2 + 134*a + 19461. Give p(221).
234
Let r(u) = -65*u**3 - 50*u**2 + 157*u + 158. Calculate r(-1).
16
Let g(d) = -137329*d - 823970. Give g(-6).
4
Let l(n) = -169177*n - 676665. Determine l(-4).
43
Let t(d) = -105*d**2 - 25964*d - 7169. What is t(-247)?
-6
Let i(m) = -4*m**3 - 536*m**2 + 520*m - 443. Give i(-135).
2257
Let a(m) = 7785*m - 778501. Calculate a(100).
-1
Let y(b) = 1355*b - 11800. Calculate y(9).
395
Let w(s) = -427*s + 51170. Give w(120).
-70
Let l(c) = -47*c**2 + 10260*c - 3044. Calculate l(218).
8
Let s(h) = 29*h**2 - 11653*h - 2081. What is s(402)?
-71
Let g(b) = 1926*b + 19364. Determine g(-10).
104
Let r(y) = -4537*y - 42055. What is r(-9)?
-1222
Let o(s) = 7*s**2 + 104*s - 4856. What is o(20)?
24
Let x(p) = -p**2 + 311*p + 24762. Determine x(-62).
1636
Let b(o) = o**3 + 186*o**2 + 3284*o - 673. Determine b(-166).
5303
Let o(l) = l**3 - 111*l**2 - 45532*l - 2088. Calculate o(276).
120
Let d(t) = -31*t**3 + 4*t**2 + 10*t + 8. Determine d(-1).
33
Let d(u) = -u**2 - 130790*u + 6803793. Determine d(52).
9
Let a(f) = -f**2 - 476*f - 4628. Determine a(-466).
32
Let j(v) = -v**3 - 2*v**2 + 498*v - 1887. What is j(4)?
9
Let k(f) = 230*f - 1794. Give k(33).
5796
Let h(m) = -5*m**3 - 35277*m**2 - 387438*m + 27. Determine h(-11).
-17
Let a(b) = b**3 - 39*b**2 + 295*b + 672. What is a(21)?
-1071
Let a(r) = -r**2 - 64*r + 2727. Give a(23).
726
Let n(f) = f**3 - 53*f**2 - 354*f - 91. Give n(59).
-91
Let i(o) = -25441*o - 76330. Determine i(-3).
-7
Let k(z) = 30*z**3 - 263*z**2 - 53*z + 16. Determine k(9).
106
Let d(k) = 2*k**3 - 389*k**2 + 131*k + 12247. What is d(194)?
25
Let c(y) = y**3 - 19*y**2 + 24994*y - 449550. Give c(18).
18
Let j(o) = -1502*o + 82611. What is j(55)?
1
Let l(r) = 899*r**2 + 3683*r - 13. What is l(-4)?
-361
Let r(w) = 115*w**2 + 453*w - 455. Determine r(1).
113
Let g(m) = 21*m**3 - 10*m**2 + 17*m + 6. Give g(3).
534
Let m(q) = 39488*q + 1066156. Calculate m(-27).
-20
Let s(i) = -2*i**2 - 421*i - 21935. Determine s(-116).
-11
Let x(r) = 8*r**3 + 255*r**2 - 31*r + 119. Give x(-32).
87
Let c(y) = -4*y**3 - 4284*y**2 - 4368*y - 94163. Determine c(-1070).
-3
Let s(g) = -g**2 - 2341*g - 18690. Calculate s(-8).
-26
Let d(s) = 2248*s + 17979. Give d(-8).
-5
Let h(w) = 11927*w + 213055. Give h(-18).
-1631
Let m(n) = -190*n**3 + 1141*n**2 + n + 36. What is m(6)?
78
Let h(g) = 7*g**3 - 7*g**2 + 32*g - 244. Give h(6).
1208
Let s(n) = -420128*n + 2520785. Determine s(6).
17
Let t(s) = 2*s**3 + 17*s**2 - 454*s + 48. Determine t(-20).
-72
Let g(d) = -22*d**2 + 497*d + 7138. Determine g(-10).
-32
Let k(o) = 5822*o - 11733. Give k(2).
-89
Let z(k) = 300785*k + 8722769. Calculate z(-29).
4
Let m(p) = -4865*p - 33977. Calculate m(-7).
78
Let d(z) = -10736*z - 4219254. Calculate d(-393).
-6
Let u(l) = -11*l**2 + 54*l - 28. What is u(6)?
-100
Let y(b) = 99*b - 2995. What is y(43)?
1262
Let k(c) = c**3 + 37*c**2 + 1721*c + 70075. Give k(-39).
-86
Let n(a) = 600*a + 17843. Determine n(-29).
443
Let g(t) = -7*t**3 - 286*t**2 - 135*t - 7159. Give g(-41).
57
Let p(b) = 2*b**3 + 10*b**2 +